{"id":301,"date":"2020-03-29T12:34:51","date_gmt":"2020-03-29T10:34:51","guid":{"rendered":"https:\/\/www.hako.ch\/shop\/?post_type=product&#038;p=301"},"modified":"2024-06-13T09:26:08","modified_gmt":"2024-06-13T07:26:08","slug":"oberflaechenreiniger-cleanol-k","status":"publish","type":"product","link":"https:\/\/www.hako.ch\/shop\/produkt\/oberflaechenreiniger-cleanol-k\/","title":{"rendered":"Oberfl\u00e4chenreiniger Cleanol-K"},"content":{"rendered":"<h2>Reinigungsmittel f\u00fcr mikropor\u00f6se Oberfl\u00e4chen Cleanol-K<\/h2>\n<p>Tensidfreier Reiniger f\u00fcr mikropor\u00f6se Oberfl\u00e4chen, besonders gut geeignet f\u00fcr Feinsteinzeugfliesen, pH-Wert 10\u201311 unverd\u00fcnnt Hako Reinigungsmittel Cleanol-K ist geeignet f\u00fcr die Verwendung auf allen wasserbest\u00e4ndigen mikropor\u00f6sen Fussb\u00f6den wie Marmor, Marmorkom posiet, rutschfeste- und unglasierte Fliesen.<\/p>\n<p>Dieses Reinigungsmittel ist sehr Schaumarm und leicht alkalisch. Ausserdem enth\u00e4lt Cleanol-K keine Tenside was ein Eindringen in die Pore vereinfacht. Es ist ebenfalls geeignet f\u00fcr mikropor\u00f6se Fussb\u00f6den. Sch\u00e4digt Acryl-Polymere Schichten.<\/p>\n<p>Gerne beantworten wir Ihre Fragen zum <a href=\"https:\/\/www.hako.ch\/fileadmin\/PDFs\/Reinigungsmittel\/Reinigungsmittel_Cleanol_K.pdf\" target=\"_blank\" rel=\"noopener\">Cleanol-K<\/a> Reinigungsmittel <a href=\"tel:41419252626\">Telefonisch<\/a>\u00a0oder per\u00a0<a href=\"https:\/\/www.hako.ch\/shop\/kontakt\/\">E-Mail.<\/a><\/p>\n","protected":false},"excerpt":{"rendered":"<p>Tensidfreier Reiniger f\u00fcr mikropor\u00f6se Oberfl\u00e4chen, besonders gut geeignet f\u00fcr Feinsteinzeugfliesen, pH-Wert 10\u201311 unverd\u00fcnnt<\/p>\n","protected":false},"featured_media":6966,"comment_status":"closed","ping_status":"closed","template":"","meta":[],"product_brand":[],"product_cat":[19],"product_tag":[],"class_list":{"0":"post-301","1":"product","2":"type-product","3":"status-publish","4":"has-post-thumbnail","6":"product_cat-reinigungsmittel","8":"first","9":"instock","10":"taxable","11":"shipping-taxable","12":"purchasable","13":"product-type-variable"},"yoast_head":"<!-- This site is optimized with the Yoast SEO plugin v27.5 - https:\/\/yoast.com\/product\/yoast-seo-wordpress\/ -->\n<title>Oberfl\u00e4chenreiniger Cleanol-K - Hako Shop<\/title>\n<meta name=\"description\" content=\"Tensidfreies Reinigungsmittel f\u00fcr mikropor\u00f6se Oberfl\u00e4chen, besonders gut geeignet f\u00fcr Feinsteinzeugfliesen, pH-Wert 10\u201311 unverd\u00fcnnt\" \/>\n<meta name=\"robots\" content=\"index, follow, max-snippet:-1, max-image-preview:large, max-video-preview:-1\" \/>\n<link rel=\"canonical\" href=\"https:\/\/www.hako.ch\/shop\/produkt\/oberflaechenreiniger-cleanol-k\/\" \/>\n<meta property=\"og:locale\" content=\"de_DE\" \/>\n<meta property=\"og:type\" content=\"article\" \/>\n<meta property=\"og:title\" content=\"Oberfl\u00e4chenreiniger Cleanol-K - Hako Shop\" \/>\n<meta property=\"og:description\" content=\"Tensidfreies Reinigungsmittel f\u00fcr mikropor\u00f6se Oberfl\u00e4chen, besonders gut geeignet f\u00fcr Feinsteinzeugfliesen, pH-Wert 10\u201311 unverd\u00fcnnt\" \/>\n<meta property=\"og:url\" content=\"https:\/\/www.hako.ch\/shop\/produkt\/oberflaechenreiniger-cleanol-k\/\" \/>\n<meta property=\"og:site_name\" content=\"Hako Shop\" \/>\n<meta property=\"article:modified_time\" content=\"2024-06-13T07:26:08+00:00\" \/>\n<meta property=\"og:image\" content=\"https:\/\/www.hako.ch\/shop\/wp-content\/uploads\/2021\/09\/k-10-ltr-vrijstaandkopie.jpg\" \/>\n\t<meta property=\"og:image:width\" content=\"1420\" \/>\n\t<meta property=\"og:image:height\" content=\"1720\" \/>\n\t<meta property=\"og:image:type\" content=\"image\/jpeg\" \/>\n<meta name=\"twitter:card\" content=\"summary_large_image\" \/>\n<meta name=\"twitter:label1\" content=\"Gesch\u00e4tzte Lesezeit\" \/>\n\t<meta name=\"twitter:data1\" content=\"1\u00a0Minute\" \/>\n<script type=\"application\/ld+json\" class=\"yoast-schema-graph\">{\"@context\":\"https:\\\/\\\/schema.org\",\"@graph\":[{\"@type\":\"WebPage\",\"@id\":\"https:\\\/\\\/www.hako.ch\\\/shop\\\/produkt\\\/oberflaechenreiniger-cleanol-k\\\/\",\"url\":\"https:\\\/\\\/www.hako.ch\\\/shop\\\/produkt\\\/oberflaechenreiniger-cleanol-k\\\/\",\"name\":\"Oberfl\u00e4chenreiniger Cleanol-K - Hako Shop\",\"isPartOf\":{\"@id\":\"https:\\\/\\\/www.hako.ch\\\/shop\\\/#website\"},\"primaryImageOfPage\":{\"@id\":\"https:\\\/\\\/www.hako.ch\\\/shop\\\/produkt\\\/oberflaechenreiniger-cleanol-k\\\/#primaryimage\"},\"image\":{\"@id\":\"https:\\\/\\\/www.hako.ch\\\/shop\\\/produkt\\\/oberflaechenreiniger-cleanol-k\\\/#primaryimage\"},\"thumbnailUrl\":\"https:\\\/\\\/www.hako.ch\\\/shop\\\/wp-content\\\/uploads\\\/2021\\\/09\\\/k-10-ltr-vrijstaandkopie.jpg\",\"datePublished\":\"2020-03-29T10:34:51+00:00\",\"dateModified\":\"2024-06-13T07:26:08+00:00\",\"description\":\"Tensidfreies Reinigungsmittel f\u00fcr mikropor\u00f6se Oberfl\u00e4chen, besonders gut geeignet f\u00fcr Feinsteinzeugfliesen, pH-Wert 10\u201311 unverd\u00fcnnt\",\"breadcrumb\":{\"@id\":\"https:\\\/\\\/www.hako.ch\\\/shop\\\/produkt\\\/oberflaechenreiniger-cleanol-k\\\/#breadcrumb\"},\"inLanguage\":\"de\",\"potentialAction\":[{\"@type\":\"ReadAction\",\"target\":[\"https:\\\/\\\/www.hako.ch\\\/shop\\\/produkt\\\/oberflaechenreiniger-cleanol-k\\\/\"]}]},{\"@type\":\"ImageObject\",\"inLanguage\":\"de\",\"@id\":\"https:\\\/\\\/www.hako.ch\\\/shop\\\/produkt\\\/oberflaechenreiniger-cleanol-k\\\/#primaryimage\",\"url\":\"https:\\\/\\\/www.hako.ch\\\/shop\\\/wp-content\\\/uploads\\\/2021\\\/09\\\/k-10-ltr-vrijstaandkopie.jpg\",\"contentUrl\":\"https:\\\/\\\/www.hako.ch\\\/shop\\\/wp-content\\\/uploads\\\/2021\\\/09\\\/k-10-ltr-vrijstaandkopie.jpg\",\"width\":1420,\"height\":1720,\"caption\":\"Oberfl\u00e4chenreiniger Cleanol-K\"},{\"@type\":\"BreadcrumbList\",\"@id\":\"https:\\\/\\\/www.hako.ch\\\/shop\\\/produkt\\\/oberflaechenreiniger-cleanol-k\\\/#breadcrumb\",\"itemListElement\":[{\"@type\":\"ListItem\",\"position\":1,\"name\":\"Startseite\",\"item\":\"https:\\\/\\\/www.hako.ch\\\/shop\\\/\"},{\"@type\":\"ListItem\",\"position\":2,\"name\":\"Shop\",\"item\":\"https:\\\/\\\/www.hako.ch\\\/shop\\\/shop-2\\\/\"},{\"@type\":\"ListItem\",\"position\":3,\"name\":\"Oberfl\u00e4chenreiniger Cleanol-K\"}]},{\"@type\":\"WebSite\",\"@id\":\"https:\\\/\\\/www.hako.ch\\\/shop\\\/#website\",\"url\":\"https:\\\/\\\/www.hako.ch\\\/shop\\\/\",\"name\":\"Hako Shop\",\"description\":\"Clean ahead\",\"publisher\":{\"@id\":\"https:\\\/\\\/www.hako.ch\\\/shop\\\/#organization\"},\"potentialAction\":[{\"@type\":\"SearchAction\",\"target\":{\"@type\":\"EntryPoint\",\"urlTemplate\":\"https:\\\/\\\/www.hako.ch\\\/shop\\\/?s={search_term_string}\"},\"query-input\":{\"@type\":\"PropertyValueSpecification\",\"valueRequired\":true,\"valueName\":\"search_term_string\"}}],\"inLanguage\":\"de\"},{\"@type\":\"Organization\",\"@id\":\"https:\\\/\\\/www.hako.ch\\\/shop\\\/#organization\",\"name\":\"Hako Schweiz AG\",\"url\":\"https:\\\/\\\/www.hako.ch\\\/shop\\\/\",\"logo\":{\"@type\":\"ImageObject\",\"inLanguage\":\"de\",\"@id\":\"https:\\\/\\\/www.hako.ch\\\/shop\\\/#\\\/schema\\\/logo\\\/image\\\/\",\"url\":\"https:\\\/\\\/www.hako.ch\\\/shop\\\/wp-content\\\/uploads\\\/2020\\\/03\\\/hako-logo.png\",\"contentUrl\":\"https:\\\/\\\/www.hako.ch\\\/shop\\\/wp-content\\\/uploads\\\/2020\\\/03\\\/hako-logo.png\",\"width\":112,\"height\":46,\"caption\":\"Hako Schweiz AG\"},\"image\":{\"@id\":\"https:\\\/\\\/www.hako.ch\\\/shop\\\/#\\\/schema\\\/logo\\\/image\\\/\"}}]}<\/script>\n<!-- \/ Yoast SEO plugin. -->","yoast_head_json":{"title":"Oberfl\u00e4chenreiniger Cleanol-K - Hako Shop","description":"Tensidfreies Reinigungsmittel f\u00fcr mikropor\u00f6se Oberfl\u00e4chen, besonders gut geeignet f\u00fcr Feinsteinzeugfliesen, pH-Wert 10\u201311 unverd\u00fcnnt","robots":{"index":"index","follow":"follow","max-snippet":"max-snippet:-1","max-image-preview":"max-image-preview:large","max-video-preview":"max-video-preview:-1"},"canonical":"https:\/\/www.hako.ch\/shop\/produkt\/oberflaechenreiniger-cleanol-k\/","og_locale":"de_DE","og_type":"article","og_title":"Oberfl\u00e4chenreiniger Cleanol-K - Hako Shop","og_description":"Tensidfreies Reinigungsmittel f\u00fcr mikropor\u00f6se Oberfl\u00e4chen, besonders gut geeignet f\u00fcr Feinsteinzeugfliesen, pH-Wert 10\u201311 unverd\u00fcnnt","og_url":"https:\/\/www.hako.ch\/shop\/produkt\/oberflaechenreiniger-cleanol-k\/","og_site_name":"Hako Shop","article_modified_time":"2024-06-13T07:26:08+00:00","og_image":[{"width":1420,"height":1720,"url":"https:\/\/www.hako.ch\/shop\/wp-content\/uploads\/2021\/09\/k-10-ltr-vrijstaandkopie.jpg","type":"image\/jpeg"}],"twitter_card":"summary_large_image","twitter_misc":{"Gesch\u00e4tzte Lesezeit":"1\u00a0Minute"},"schema":{"@context":"https:\/\/schema.org","@graph":[{"@type":"WebPage","@id":"https:\/\/www.hako.ch\/shop\/produkt\/oberflaechenreiniger-cleanol-k\/","url":"https:\/\/www.hako.ch\/shop\/produkt\/oberflaechenreiniger-cleanol-k\/","name":"Oberfl\u00e4chenreiniger Cleanol-K - Hako Shop","isPartOf":{"@id":"https:\/\/www.hako.ch\/shop\/#website"},"primaryImageOfPage":{"@id":"https:\/\/www.hako.ch\/shop\/produkt\/oberflaechenreiniger-cleanol-k\/#primaryimage"},"image":{"@id":"https:\/\/www.hako.ch\/shop\/produkt\/oberflaechenreiniger-cleanol-k\/#primaryimage"},"thumbnailUrl":"https:\/\/www.hako.ch\/shop\/wp-content\/uploads\/2021\/09\/k-10-ltr-vrijstaandkopie.jpg","datePublished":"2020-03-29T10:34:51+00:00","dateModified":"2024-06-13T07:26:08+00:00","description":"Tensidfreies Reinigungsmittel f\u00fcr mikropor\u00f6se Oberfl\u00e4chen, besonders gut geeignet f\u00fcr Feinsteinzeugfliesen, pH-Wert 10\u201311 unverd\u00fcnnt","breadcrumb":{"@id":"https:\/\/www.hako.ch\/shop\/produkt\/oberflaechenreiniger-cleanol-k\/#breadcrumb"},"inLanguage":"de","potentialAction":[{"@type":"ReadAction","target":["https:\/\/www.hako.ch\/shop\/produkt\/oberflaechenreiniger-cleanol-k\/"]}]},{"@type":"ImageObject","inLanguage":"de","@id":"https:\/\/www.hako.ch\/shop\/produkt\/oberflaechenreiniger-cleanol-k\/#primaryimage","url":"https:\/\/www.hako.ch\/shop\/wp-content\/uploads\/2021\/09\/k-10-ltr-vrijstaandkopie.jpg","contentUrl":"https:\/\/www.hako.ch\/shop\/wp-content\/uploads\/2021\/09\/k-10-ltr-vrijstaandkopie.jpg","width":1420,"height":1720,"caption":"Oberfl\u00e4chenreiniger Cleanol-K"},{"@type":"BreadcrumbList","@id":"https:\/\/www.hako.ch\/shop\/produkt\/oberflaechenreiniger-cleanol-k\/#breadcrumb","itemListElement":[{"@type":"ListItem","position":1,"name":"Startseite","item":"https:\/\/www.hako.ch\/shop\/"},{"@type":"ListItem","position":2,"name":"Shop","item":"https:\/\/www.hako.ch\/shop\/shop-2\/"},{"@type":"ListItem","position":3,"name":"Oberfl\u00e4chenreiniger Cleanol-K"}]},{"@type":"WebSite","@id":"https:\/\/www.hako.ch\/shop\/#website","url":"https:\/\/www.hako.ch\/shop\/","name":"Hako Shop","description":"Clean ahead","publisher":{"@id":"https:\/\/www.hako.ch\/shop\/#organization"},"potentialAction":[{"@type":"SearchAction","target":{"@type":"EntryPoint","urlTemplate":"https:\/\/www.hako.ch\/shop\/?s={search_term_string}"},"query-input":{"@type":"PropertyValueSpecification","valueRequired":true,"valueName":"search_term_string"}}],"inLanguage":"de"},{"@type":"Organization","@id":"https:\/\/www.hako.ch\/shop\/#organization","name":"Hako Schweiz AG","url":"https:\/\/www.hako.ch\/shop\/","logo":{"@type":"ImageObject","inLanguage":"de","@id":"https:\/\/www.hako.ch\/shop\/#\/schema\/logo\/image\/","url":"https:\/\/www.hako.ch\/shop\/wp-content\/uploads\/2020\/03\/hako-logo.png","contentUrl":"https:\/\/www.hako.ch\/shop\/wp-content\/uploads\/2020\/03\/hako-logo.png","width":112,"height":46,"caption":"Hako Schweiz AG"},"image":{"@id":"https:\/\/www.hako.ch\/shop\/#\/schema\/logo\/image\/"}}]}},"_links":{"self":[{"href":"https:\/\/www.hako.ch\/shop\/wp-json\/wp\/v2\/product\/301","targetHints":{"allow":["GET"]}}],"collection":[{"href":"https:\/\/www.hako.ch\/shop\/wp-json\/wp\/v2\/product"}],"about":[{"href":"https:\/\/www.hako.ch\/shop\/wp-json\/wp\/v2\/types\/product"}],"replies":[{"embeddable":true,"href":"https:\/\/www.hako.ch\/shop\/wp-json\/wp\/v2\/comments?post=301"}],"wp:featuredmedia":[{"embeddable":true,"href":"https:\/\/www.hako.ch\/shop\/wp-json\/wp\/v2\/media\/6966"}],"wp:attachment":[{"href":"https:\/\/www.hako.ch\/shop\/wp-json\/wp\/v2\/media?parent=301"}],"wp:term":[{"taxonomy":"product_brand","embeddable":true,"href":"https:\/\/www.hako.ch\/shop\/wp-json\/wp\/v2\/product_brand?post=301"},{"taxonomy":"product_cat","embeddable":true,"href":"https:\/\/www.hako.ch\/shop\/wp-json\/wp\/v2\/product_cat?post=301"},{"taxonomy":"product_tag","embeddable":true,"href":"https:\/\/www.hako.ch\/shop\/wp-json\/wp\/v2\/product_tag?post=301"}],"curies":[{"name":"wp","href":"https:\/\/api.w.org\/{rel}","templated":true}]}}