{"id":7875,"date":"2023-03-06T10:05:07","date_gmt":"2023-03-06T09:05:07","guid":{"rendered":"https:\/\/www.hako.ch\/shop\/?post_type=product&#038;p=7875"},"modified":"2026-04-19T21:30:34","modified_gmt":"2026-04-19T19:30:34","slug":"scheuersaugmaschine-scrubmaster-b25","status":"publish","type":"product","link":"https:\/\/www.hako.ch\/shop\/produkt\/scheuersaugmaschine-scrubmaster-b25\/","title":{"rendered":"Scheuersaugmaschine Scrubmaster B25"},"content":{"rendered":"<h1>Walk-behind-Scheuersaugmaschine f\u00fcr die Reinigung von kleinen Fl\u00e4chen<\/h1>\n<p>Die Walk-behind-Scheuersaugmaschine Scrubmaster B25 mit Powerflow-System l\u00e4sst sich mit geringem Kraftaufwand einfach man\u00f6vrieren. Der verstellbare Bedienholm erleichtert das Wegfahren von der Wand und erm\u00f6glicht das Unterfahren von zum Beispiel Tischen.<\/p>\n<p>Der neue Scrubmaster B25 verbindet Leistungsst\u00e4rke mit Bedienkomfort in kompakter Form. Mit einer Arbeitsbreite von 43 cm k\u00f6nnen Fl\u00e4chen schnell, effizient und gr\u00fcndlich mit Tellerb\u00fcrste oder Pad gereinigt werden. Dabei unterst\u00fctzen viele durchdachte Details den Anwender bei seiner t\u00e4glichen Arbeit. Zum Beispiel der ergonomisch geformte, stufenlos h\u00f6henverstellbare Bedienholm f\u00fcr r\u00fcckenschonendes Arbeiten, die gute Zug\u00e4nglichkeit aller Komponenten f\u00fcr t\u00e4gliche Servicearbeiten oder die Abdeckung des Frischwasser-Einf\u00fcllstutzens, der als Dosierhilfe f\u00fcr Reinigungschemie fungiert.<\/p>\n","protected":false},"excerpt":{"rendered":"<p>Walk-behind-Scheuersaugmaschine f\u00fcr die Reinigung von kleinen Fl\u00e4chen<\/p>\n<p>Die Walk-behind-Scheuersaugmaschine Scrubmaster B25 mit Eco-Modus: Bei geringen Verschmutzungen l\u00e4sst sich die Maschine effizient und umweltschonend mit um bis zu 30 % reduzierter Leistung betreiben. Das minimiert die Ger\u00e4uschemissionen.<\/p>\n<p>Ausstattung:<br \/>\n&#8211; Batteriesatz 24V \/ 45 Ah Blei wartungsfrei<br \/>\n&#8211; Onboard Ladeger\u00e4t<br \/>\n&#8211; Netzkabel Schweiz<br \/>\n&#8211; B\u00fcrste Kunststoff PPN 0.5 (\u00d8 430 mm)<\/p>\n<p><strong> Bei Abnahme 2 oder mehr Ger\u00e4ten Anfrage via vid@hako.ch senden.<\/strong><br \/>\n<strong>Jubil\u00e4umsangebot inkl. Transport und Instruktion<\/strong><\/p>\n","protected":false},"featured_media":7887,"comment_status":"open","ping_status":"closed","template":"","meta":[],"product_brand":[],"product_cat":[232,249,788],"product_tag":[],"class_list":{"0":"post-7875","1":"product","2":"type-product","3":"status-publish","4":"has-post-thumbnail","6":"product_cat-maschinen","7":"product_cat-scheuersaugmaschinen","8":"product_cat-walk-behind-scheuersaugmaschinen","10":"first","11":"instock","12":"taxable","13":"shipping-taxable","14":"purchasable","15":"product-type-simple"},"yoast_head":"<!-- This site is optimized with the Yoast SEO plugin v27.4 - https:\/\/yoast.com\/product\/yoast-seo-wordpress\/ -->\n<title>Scheuersaugmaschine in beengten Bereichen- Hako Shop<\/title>\n<meta name=\"description\" content=\"Die Walk-behind-Scheuersaugmaschine Scrubmaster B8 steht f\u00fcr herausragende Ergebnisse in z.B. Restaurants, Kantinen, Sanit\u00e4ranlagen oder kleineren Shops.\" \/>\n<meta name=\"robots\" content=\"index, follow, max-snippet:-1, max-image-preview:large, max-video-preview:-1\" \/>\n<link rel=\"canonical\" href=\"https:\/\/www.hako.ch\/shop\/produkt\/scheuersaugmaschine-scrubmaster-b25\/\" \/>\n<meta property=\"og:locale\" content=\"de_DE\" \/>\n<meta property=\"og:type\" content=\"article\" \/>\n<meta property=\"og:title\" content=\"Scheuersaugmaschine in beengten Bereichen- Hako Shop\" \/>\n<meta property=\"og:description\" content=\"Die Walk-behind-Scheuersaugmaschine Scrubmaster B8 steht f\u00fcr herausragende Ergebnisse in z.B. Restaurants, Kantinen, Sanit\u00e4ranlagen oder kleineren Shops.\" \/>\n<meta property=\"og:url\" content=\"https:\/\/www.hako.ch\/shop\/produkt\/scheuersaugmaschine-scrubmaster-b25\/\" \/>\n<meta property=\"og:site_name\" content=\"Hako Shop\" \/>\n<meta property=\"article:modified_time\" content=\"2026-04-19T19:30:34+00:00\" \/>\n<meta property=\"og:image\" content=\"https:\/\/www.hako.ch\/shop\/wp-content\/uploads\/2023\/03\/b25-basic-0001-uc-scaled.jpg\" \/>\n\t<meta property=\"og:image:width\" content=\"2560\" \/>\n\t<meta property=\"og:image:height\" content=\"1920\" \/>\n\t<meta property=\"og:image:type\" content=\"image\/jpeg\" \/>\n<meta name=\"twitter:card\" content=\"summary_large_image\" \/>\n<meta name=\"twitter:label1\" content=\"Gesch\u00e4tzte Lesezeit\" \/>\n\t<meta name=\"twitter:data1\" content=\"1\u00a0Minute\" \/>\n<script type=\"application\/ld+json\" class=\"yoast-schema-graph\">{\"@context\":\"https:\\\/\\\/schema.org\",\"@graph\":[{\"@type\":\"WebPage\",\"@id\":\"https:\\\/\\\/www.hako.ch\\\/shop\\\/produkt\\\/scheuersaugmaschine-scrubmaster-b25\\\/\",\"url\":\"https:\\\/\\\/www.hako.ch\\\/shop\\\/produkt\\\/scheuersaugmaschine-scrubmaster-b25\\\/\",\"name\":\"Scheuersaugmaschine in beengten Bereichen- Hako Shop\",\"isPartOf\":{\"@id\":\"https:\\\/\\\/www.hako.ch\\\/shop\\\/#website\"},\"primaryImageOfPage\":{\"@id\":\"https:\\\/\\\/www.hako.ch\\\/shop\\\/produkt\\\/scheuersaugmaschine-scrubmaster-b25\\\/#primaryimage\"},\"image\":{\"@id\":\"https:\\\/\\\/www.hako.ch\\\/shop\\\/produkt\\\/scheuersaugmaschine-scrubmaster-b25\\\/#primaryimage\"},\"thumbnailUrl\":\"https:\\\/\\\/www.hako.ch\\\/shop\\\/wp-content\\\/uploads\\\/2023\\\/03\\\/b25-basic-0001-uc-scaled.jpg\",\"datePublished\":\"2023-03-06T09:05:07+00:00\",\"dateModified\":\"2026-04-19T19:30:34+00:00\",\"description\":\"Die Walk-behind-Scheuersaugmaschine Scrubmaster B8 steht f\u00fcr herausragende Ergebnisse in z.B. Restaurants, Kantinen, Sanit\u00e4ranlagen oder kleineren Shops.\",\"breadcrumb\":{\"@id\":\"https:\\\/\\\/www.hako.ch\\\/shop\\\/produkt\\\/scheuersaugmaschine-scrubmaster-b25\\\/#breadcrumb\"},\"inLanguage\":\"de\",\"potentialAction\":[{\"@type\":\"ReadAction\",\"target\":[\"https:\\\/\\\/www.hako.ch\\\/shop\\\/produkt\\\/scheuersaugmaschine-scrubmaster-b25\\\/\"]}]},{\"@type\":\"ImageObject\",\"inLanguage\":\"de\",\"@id\":\"https:\\\/\\\/www.hako.ch\\\/shop\\\/produkt\\\/scheuersaugmaschine-scrubmaster-b25\\\/#primaryimage\",\"url\":\"https:\\\/\\\/www.hako.ch\\\/shop\\\/wp-content\\\/uploads\\\/2023\\\/03\\\/b25-basic-0001-uc-scaled.jpg\",\"contentUrl\":\"https:\\\/\\\/www.hako.ch\\\/shop\\\/wp-content\\\/uploads\\\/2023\\\/03\\\/b25-basic-0001-uc-scaled.jpg\",\"width\":2560,\"height\":1920},{\"@type\":\"BreadcrumbList\",\"@id\":\"https:\\\/\\\/www.hako.ch\\\/shop\\\/produkt\\\/scheuersaugmaschine-scrubmaster-b25\\\/#breadcrumb\",\"itemListElement\":[{\"@type\":\"ListItem\",\"position\":1,\"name\":\"Startseite\",\"item\":\"https:\\\/\\\/www.hako.ch\\\/shop\\\/\"},{\"@type\":\"ListItem\",\"position\":2,\"name\":\"Shop\",\"item\":\"https:\\\/\\\/www.hako.ch\\\/shop\\\/shop-2\\\/\"},{\"@type\":\"ListItem\",\"position\":3,\"name\":\"Scheuersaugmaschine Scrubmaster B25\"}]},{\"@type\":\"WebSite\",\"@id\":\"https:\\\/\\\/www.hako.ch\\\/shop\\\/#website\",\"url\":\"https:\\\/\\\/www.hako.ch\\\/shop\\\/\",\"name\":\"Hako Shop\",\"description\":\"Clean ahead\",\"publisher\":{\"@id\":\"https:\\\/\\\/www.hako.ch\\\/shop\\\/#organization\"},\"potentialAction\":[{\"@type\":\"SearchAction\",\"target\":{\"@type\":\"EntryPoint\",\"urlTemplate\":\"https:\\\/\\\/www.hako.ch\\\/shop\\\/?s={search_term_string}\"},\"query-input\":{\"@type\":\"PropertyValueSpecification\",\"valueRequired\":true,\"valueName\":\"search_term_string\"}}],\"inLanguage\":\"de\"},{\"@type\":\"Organization\",\"@id\":\"https:\\\/\\\/www.hako.ch\\\/shop\\\/#organization\",\"name\":\"Hako Schweiz AG\",\"url\":\"https:\\\/\\\/www.hako.ch\\\/shop\\\/\",\"logo\":{\"@type\":\"ImageObject\",\"inLanguage\":\"de\",\"@id\":\"https:\\\/\\\/www.hako.ch\\\/shop\\\/#\\\/schema\\\/logo\\\/image\\\/\",\"url\":\"https:\\\/\\\/www.hako.ch\\\/shop\\\/wp-content\\\/uploads\\\/2020\\\/03\\\/hako-logo.png\",\"contentUrl\":\"https:\\\/\\\/www.hako.ch\\\/shop\\\/wp-content\\\/uploads\\\/2020\\\/03\\\/hako-logo.png\",\"width\":112,\"height\":46,\"caption\":\"Hako Schweiz AG\"},\"image\":{\"@id\":\"https:\\\/\\\/www.hako.ch\\\/shop\\\/#\\\/schema\\\/logo\\\/image\\\/\"}}]}<\/script>\n<!-- \/ Yoast SEO plugin. -->","yoast_head_json":{"title":"Scheuersaugmaschine in beengten Bereichen- Hako Shop","description":"Die Walk-behind-Scheuersaugmaschine Scrubmaster B8 steht f\u00fcr herausragende Ergebnisse in z.B. Restaurants, Kantinen, Sanit\u00e4ranlagen oder kleineren Shops.","robots":{"index":"index","follow":"follow","max-snippet":"max-snippet:-1","max-image-preview":"max-image-preview:large","max-video-preview":"max-video-preview:-1"},"canonical":"https:\/\/www.hako.ch\/shop\/produkt\/scheuersaugmaschine-scrubmaster-b25\/","og_locale":"de_DE","og_type":"article","og_title":"Scheuersaugmaschine in beengten Bereichen- Hako Shop","og_description":"Die Walk-behind-Scheuersaugmaschine Scrubmaster B8 steht f\u00fcr herausragende Ergebnisse in z.B. Restaurants, Kantinen, Sanit\u00e4ranlagen oder kleineren Shops.","og_url":"https:\/\/www.hako.ch\/shop\/produkt\/scheuersaugmaschine-scrubmaster-b25\/","og_site_name":"Hako Shop","article_modified_time":"2026-04-19T19:30:34+00:00","og_image":[{"width":2560,"height":1920,"url":"https:\/\/www.hako.ch\/shop\/wp-content\/uploads\/2023\/03\/b25-basic-0001-uc-scaled.jpg","type":"image\/jpeg"}],"twitter_card":"summary_large_image","twitter_misc":{"Gesch\u00e4tzte Lesezeit":"1\u00a0Minute"},"schema":{"@context":"https:\/\/schema.org","@graph":[{"@type":"WebPage","@id":"https:\/\/www.hako.ch\/shop\/produkt\/scheuersaugmaschine-scrubmaster-b25\/","url":"https:\/\/www.hako.ch\/shop\/produkt\/scheuersaugmaschine-scrubmaster-b25\/","name":"Scheuersaugmaschine in beengten Bereichen- Hako Shop","isPartOf":{"@id":"https:\/\/www.hako.ch\/shop\/#website"},"primaryImageOfPage":{"@id":"https:\/\/www.hako.ch\/shop\/produkt\/scheuersaugmaschine-scrubmaster-b25\/#primaryimage"},"image":{"@id":"https:\/\/www.hako.ch\/shop\/produkt\/scheuersaugmaschine-scrubmaster-b25\/#primaryimage"},"thumbnailUrl":"https:\/\/www.hako.ch\/shop\/wp-content\/uploads\/2023\/03\/b25-basic-0001-uc-scaled.jpg","datePublished":"2023-03-06T09:05:07+00:00","dateModified":"2026-04-19T19:30:34+00:00","description":"Die Walk-behind-Scheuersaugmaschine Scrubmaster B8 steht f\u00fcr herausragende Ergebnisse in z.B. Restaurants, Kantinen, Sanit\u00e4ranlagen oder kleineren Shops.","breadcrumb":{"@id":"https:\/\/www.hako.ch\/shop\/produkt\/scheuersaugmaschine-scrubmaster-b25\/#breadcrumb"},"inLanguage":"de","potentialAction":[{"@type":"ReadAction","target":["https:\/\/www.hako.ch\/shop\/produkt\/scheuersaugmaschine-scrubmaster-b25\/"]}]},{"@type":"ImageObject","inLanguage":"de","@id":"https:\/\/www.hako.ch\/shop\/produkt\/scheuersaugmaschine-scrubmaster-b25\/#primaryimage","url":"https:\/\/www.hako.ch\/shop\/wp-content\/uploads\/2023\/03\/b25-basic-0001-uc-scaled.jpg","contentUrl":"https:\/\/www.hako.ch\/shop\/wp-content\/uploads\/2023\/03\/b25-basic-0001-uc-scaled.jpg","width":2560,"height":1920},{"@type":"BreadcrumbList","@id":"https:\/\/www.hako.ch\/shop\/produkt\/scheuersaugmaschine-scrubmaster-b25\/#breadcrumb","itemListElement":[{"@type":"ListItem","position":1,"name":"Startseite","item":"https:\/\/www.hako.ch\/shop\/"},{"@type":"ListItem","position":2,"name":"Shop","item":"https:\/\/www.hako.ch\/shop\/shop-2\/"},{"@type":"ListItem","position":3,"name":"Scheuersaugmaschine Scrubmaster B25"}]},{"@type":"WebSite","@id":"https:\/\/www.hako.ch\/shop\/#website","url":"https:\/\/www.hako.ch\/shop\/","name":"Hako Shop","description":"Clean ahead","publisher":{"@id":"https:\/\/www.hako.ch\/shop\/#organization"},"potentialAction":[{"@type":"SearchAction","target":{"@type":"EntryPoint","urlTemplate":"https:\/\/www.hako.ch\/shop\/?s={search_term_string}"},"query-input":{"@type":"PropertyValueSpecification","valueRequired":true,"valueName":"search_term_string"}}],"inLanguage":"de"},{"@type":"Organization","@id":"https:\/\/www.hako.ch\/shop\/#organization","name":"Hako Schweiz AG","url":"https:\/\/www.hako.ch\/shop\/","logo":{"@type":"ImageObject","inLanguage":"de","@id":"https:\/\/www.hako.ch\/shop\/#\/schema\/logo\/image\/","url":"https:\/\/www.hako.ch\/shop\/wp-content\/uploads\/2020\/03\/hako-logo.png","contentUrl":"https:\/\/www.hako.ch\/shop\/wp-content\/uploads\/2020\/03\/hako-logo.png","width":112,"height":46,"caption":"Hako Schweiz AG"},"image":{"@id":"https:\/\/www.hako.ch\/shop\/#\/schema\/logo\/image\/"}}]}},"_links":{"self":[{"href":"https:\/\/www.hako.ch\/shop\/wp-json\/wp\/v2\/product\/7875","targetHints":{"allow":["GET"]}}],"collection":[{"href":"https:\/\/www.hako.ch\/shop\/wp-json\/wp\/v2\/product"}],"about":[{"href":"https:\/\/www.hako.ch\/shop\/wp-json\/wp\/v2\/types\/product"}],"replies":[{"embeddable":true,"href":"https:\/\/www.hako.ch\/shop\/wp-json\/wp\/v2\/comments?post=7875"}],"wp:featuredmedia":[{"embeddable":true,"href":"https:\/\/www.hako.ch\/shop\/wp-json\/wp\/v2\/media\/7887"}],"wp:attachment":[{"href":"https:\/\/www.hako.ch\/shop\/wp-json\/wp\/v2\/media?parent=7875"}],"wp:term":[{"taxonomy":"product_brand","embeddable":true,"href":"https:\/\/www.hako.ch\/shop\/wp-json\/wp\/v2\/product_brand?post=7875"},{"taxonomy":"product_cat","embeddable":true,"href":"https:\/\/www.hako.ch\/shop\/wp-json\/wp\/v2\/product_cat?post=7875"},{"taxonomy":"product_tag","embeddable":true,"href":"https:\/\/www.hako.ch\/shop\/wp-json\/wp\/v2\/product_tag?post=7875"}],"curies":[{"name":"wp","href":"https:\/\/api.w.org\/{rel}","templated":true}]}}